?
False
Suppose -2*f = 3*d - 640, -d = -4*f + 547 + 719. Is f prime?
True
Let r be ((-202)/(-3))/(1/(-3)). Let y = r + 419. Is y a prime number?
False
Let y be ((-6)/8)/(2/24). Let o(s) = s**3 - 7*s**2 + s + 8. Let u(i) = 2*i**3 - 6*i**2 + 2*i + 7. Let w(j) = 3*o(j) - 2*u(j). Is w(y) prime?
True
Let x be (-5 + 9)*22/(-8). Let n = x + 96. Is n composite?
True
Let j = 266 - 12. Suppose -4*v - 70 = j. Let k = 160 + v. Is k a prime number?
True
Suppose 5*t + 20 = 5. Let o = t + 5. Suppose 7*u = o*u + 415. Is u composite?
False
Suppose u + 2 = -4. Let c = u - -4. Is (-3)/((-6)/(-10))*c prime?
False
Let w be 8/(-3)*(-3)/(-2). Let l = 6 + w. Let z = l + 23. Is z a composite number?
True
Let h(s) = -7*s**2 + 4*s - 3. Let o be h(3). Let q = o - -89. Is q composite?
True
Let f(j) = 95*j - 4. Is f(1) prime?
False
Let q = 337 + -210. Let k = q + -55. Let p = -39 + k. Is p a composite number?
True
Suppose -3*w = 3*u - 1353, 2*w - 3*w + 457 = 3*u. Is w/3 + (-13)/39 prime?
True
Let s = 156 - -84. Suppose 4*l - s = 292. Is l prime?
False
Let f(y) = -177*y + 2. Let r = 14 - 15. Is f(r) prime?
True
Let h be (-164)/(-8) - 1/2. Suppose 6*b = b + h. Suppose -2*z + 92 = 3*i, 0*i + i + 198 = b*z. Is z a prime number?
False
Let m(r) = 13*r + 7. Let u be m(-7). Is u/(-1) - (-6 - -5) prime?
False
Let t(b) = -b**2 + 12*b - 7. Suppose -n + 8 = -10. Let g = n - 10. Is t(g) prime?
False
Suppose -5*o = 5*f - 5240, 3*f + 0*f - 5*o = 3104. Is f prime?
False
Suppose -5*q + 7*q = 0. Suppose 3*t - 1085 = t - o, q = 4*t - 5*o - 2149. Is t a prime number?
True
Is 5/(10/4) - -2 a prime number?
False
Suppose -5*g = -0*z - z - 25, 0 = 2*g + 4*z + 12. Suppose -3*h - 19 = -g*h. Is h a prime number?
True
Let w = 49 - -188. Is w prime?
False
Let m = -16 - -43. Let u(s) = -s**2 - 6*s - 1. Let w be u(-5). Suppose 0 = z - w*z + m. Is z a prime number?
False
Suppose -3*w = 5*o - 1597, 4*o + 154 = -2*w + 1220. Is w a composite number?
True
Suppose -30 = -5*q + 5*z, -4*q = -z + 4 - 28. Let x be (-3)/q - 3/(-2). Is x/(1 - (-82)/(-83)) a composite number?
False
Let j(x) = 4*x**2 + 4*x - 3. Let p = 11 - 15. Let s be j(p). Let c = -30 + s. Is c a composite number?
True
Let m(z) = -4*z - 5. Suppose 0 = 4*u + 2*l - 32, l = 3*u - 7 - 7. Suppose 0 = -5*j - 26 + u. Is m(j) prime?
True
Let k be 1/3*(-2 - -20). Suppose -4*v + 82 = k. Is v prime?
True
Let x = -1617 - -3124. Is x a composite number?
True
Suppose -2*a - 5*h = -23, -7*a - 4*h + 66 = -2*a. Let p = 33 - a. Is p prime?
True
Let c = 969 - 587. Is 2/((-2)/c*-2) composite?
False
Let k = 12 + -10. Suppose -k*j + 3*j - 106 = 0. Is j composite?
True
Let d(r) = -r - 4. Let m be d(-4). Suppose m = -y + 3*c - 12, 0*y + c = -5*y - 60. Let x = -5 - y. Is x a composite number?
False
Suppose -3*o = 15 + 30. Let h = -9 - o. Is h a composite number?
True
Let w = 229 + 1590. Suppose -441 = -4*p + w. Is p a composite number?
True
Let l(v) be the second derivative of -v**5/20 + 7*v**4/6 - 2*v**3 + 5*v**2 + 5*v. Is l(13) a composite number?
False
Let i(m) = m + 16*m + 19 - 8. Is i(6) prime?
True
Is 1*((-655)/(-1))/5 prime?
True
Suppose 0 = q - 536 - 235. Is q a prime number?
False
Let w = -1 + 1. Suppose 3*v = 5*s - 3*s + 149, w = -4*v + 5*s + 208. Suppose v = 3*t - 106. Is t a composite number?
True
Let y = 58 + 1. Is y prime?
True
Let q(n) = 5*n + 1. Let u(j) = -j**3 - 5*j**2 - 6*j. Let k be u(-4). Suppose -c + k = c. Is q(c) composite?
True
Is (-10)/(-15)*(-1257)/(-2) a composite number?
False
Let f(w) = 10*w**3 + 3*w + w**2 + 0 - 5 + 0 + 4. Is f(2) prime?
True
Let o(f) = -f**3 - 3*f**2 + 5*f. Let t be o(-4). Is t/(-6) - 2120/(-24) a prime number?
True
Let k(i) = 3*i**2 + 2*i - 1. Suppose 0 = 5*q + 25, 4*q + 22 = -d + 3. Let b be k(d). Suppose p - 1025 = -b*p. Is p composite?
True
Suppose 0 = -3*i - 5*h + 96 - 18, 96 = 5*i - 3*h. Is (-7)/(i/(-666)) + 1 a composite number?
False
Let w(j) be the third derivative of -j**5/40 - j**4/3 - j**3/6 + 2*j**2. Let t(i) be the first derivative of w(i). Is t(-7) a composite number?
False
Let n = 360 + 121. Is n a prime number?
False
Let n = -140 - -1057. Is n prime?
False
Suppose -519 - 126 = -s - 3*w, -5*s + 4*w + 3149 = 0. Is s a prime number?
False
Let o = 2 + 0. Is (21 + 4/o)/1 composite?
False
Suppose -5*f + 8 = -2*g, 0 = -2*f + 5*g - 1. Suppose -m = -d + 14, -4*d + 57 = -f*m - 3*m. Is d a composite number?
False
Let x = -13 - -18. Suppose l = x*l - 76. Is l composite?
False
Let a(s) = 8*s + 7. Let p(u) = -8*u - 7. Let r(n) = 7*a(n) + 6*p(n). Is r(3) prime?
True
Suppose 2*d - 3*g = -2*d + 2167, -3*d - 2*g = -1621. Is d composite?
False
Suppose -5*m - 10 = 5*q, m + 2*q = 4*m - 4. Suppose m = -l - 22 + 359. Is l prime?
True
Let y be (-9)/2*(-2)/3. Let q(h) = -5*h - 2 + 11*h**3 - 4*h**3 - 5*h**3 + 3*h. Is q(y) a prime number?
False
Let i = 5 + -1. Let s(r) = -r**2 + 3*r + 5. Let p be s(i). Is (p - 2)*(-88 - 1) composite?
False
Let l = -54 - -90. Suppose -4*k + 472 = -l. Is k composite?
False
Let h be (-36)/(-21) + 2/7. Suppose h*i - 4*d + 161 = 3*i, -3*d = -9. Let j = i + -6. Is j a composite number?
True
Suppose -4*a + 3*i = -79, 0 = 3*a + 5*i - 55 - 26. Suppose 0 = -5*y - 123 - a. Is y*(-2 - (3 + -3)) a prime number?
False
Let i be 25/6 - (-1)/(-6). Suppose 5*g + 1 = -q + 3, i*q + 3*g = -9. Let h(v) = v**3 + 5*v**2 + 1. Is h(q) prime?
True
Let w = 409 + -232. Let l = w - 94. Is l prime?
True
Let g = -338 - -72. Let b = g + 152. Let w = -37 - b. Is w a composite number?
True
Suppose -z - 10 = -3*z. Let m(c) = 3*c**2 + 5*c - 12. Let d be m(9). Suppose -z*b = 61 - d. Is b a prime number?
True
Is 293*2*(-4)/(-8) composite?
False
Suppose -5*k - 2*t + 7*t + 25 = 0, 3*k - t - 5 = 0. Let c = -300 - -512. Suppose y - 5*y + c = k. Is y a composite number?
False
Is (-9)/(-21) - 6438/(-21) a composite number?
False
Let s be (0 + 20/25)/((-4)/(-10)). Let z = -2 - -3. Is z*(132 + (s - 1)) composite?
True
Let u be (2 - 4)/2 - -18. Suppose -u = 5*m - 592. Is m composite?
True
Let i = 174 - -79. Is i prime?
False
Suppose -4*t = -7948 + 80. Is t composite?
True
Suppose 8*y = 4*y + 196. Is y a composite number?
True
Let i be 2/((-10)/(-6) + -1). Is (3/(-6))/(i/(-276)) prime?
False
Let k = -205 + 506. Is k a prime number?
False
Let f = -152 + 567. Let o(c) = -4*c - 4. Let q be o(-3). Suppose 3*j - q*j + f = 0. Is j a composite number?
False
Let z = -229 - -452. Is z a prime number?
True
Let h = 3446 - 1903. Is h prime?
True
Let l(v) = 8*v**2 - 12*v + 9. Is l(7) prime?
True
Let n = 571 - 82. Is n composite?
True
Suppose -3*f = -2*f. Suppose 5*n - 85 - 180 = f. Is n a prime number?
True
Let i(v) = 2*v - 6. Let p be i(5). Suppose 0*y + p*u - 103 = -5*y, -2*u = 2*y - 42. Is y a composite number?
False
Let p = 708 - 418. Suppose 4*x + x = p. Suppose -5*n - 3 = -x. Is n a composite number?
False
Is (3 + (-96 - -2))*-1 composite?
True
Let x(b) be the first derivative of 15*b**2/2 + 16*b - 8. Is x(7) a composite number?
True
Suppose -3*c + 489 = -432. Is c composite?
False
Let q(d) = 3*d**2 - 38*d + 6. Let u(f) = -f**2 + 13*f - 2. Let g(h) = 3*q(h) + 8*u(h). Let y be g(7). Let l = y - -34. Is l a composite number?
True
Is 4/(-6)*(-10131)/22 composite?
False
Let j = -968 - -643. Let h = j + 849. Suppose -r - 3*r = -h. Is r composite?
False
Let m = -7 - -10. Suppose 3 = -m*s - 3. Is 1*((s - -2) + 65) a prime number?
False
Let f be 1/(-4) + (-18)/(-8). Suppose 3*w + f*d = 185, -55 - 59 = -2*w + d. Is w composite?
False
Let v(y) = 106*y. Let s be v(2). Let u = 300 - s. Suppose 0 = -4*m + u - 4. Is m a prime number?
False
Is 192753/77 - (-6)/(-21) a prime number?
True
Suppose 4*o - l = 4*l - 45, 0 = 2*o - l + 15. Let m(u) = 5*u**2 + 6*u - 6. Is m(o) a composite number?
False
Let v = -417 + 1016. Is v a prime number?
True
Suppose 4*p - 13 = 3*p. Let z = 6 + -4. Is z*(-3 + 1 + p) composite?
True
Let n(x) = 18*x**2 - 4*x - 9. Is n(-4) a composite number?
True
Let n = 4 - 3. Let o = -9 - -12. Let b = o - n. Is b a prime number?
True
Suppose 0 = 5*f + 888 - 3353. Is f prime?
False
Let u(s) = -s**3 - 2*s**2 - s - 2. Let k be u(-2). Suppose k = -4*r - j + 231, j - 71 + 312 = 4*r. Is r composite?
False
Let r be -4*(9/6)/(-1). Suppose -3*y = -7*y + q + 12, 0 = 2*y - 4*q - r. Is y prime?
True
Let d be 3/3*(1 - -4). Let s(v) = -5 - 3*v + v - d. Is s(-10) pr